he tens digit of j?
3
Let o = -34 - -68. What is the units digit of 28/(-3)*(-51)/o?
4
Suppose 44 = -10*n + 14*n. Suppose -16*o = -n*o. Suppose -5*p + z + 3*z + 88 = o, -60 = -4*p - 2*z. What is the units digit of p?
6
Let f = 489 - -182. What is the tens digit of f?
7
Let h be -217*(0 - 2/7). What is the units digit of 0 - (-12)/8*h?
3
Let j(y) = y**2 - 6*y + 4. Let t be j(6). Suppose -t*i = -88 - 368. What is the hundreds digit of i?
1
What is the hundreds digit of (-2112)/10*(-50)/15?
7
Let q = -13 - -15. Suppose -78 = -q*t + 122. Suppose -5*o + 4*a = 6*a - t, 2*a = o - 32. What is the tens digit of o?
2
What is the tens digit of 1743/2*46/69?
8
Suppose -2*c = 2*t - 6*c + 40, 4*c + 104 = -4*t. Let w = 3 + t. Let v = w - -40. What is the tens digit of v?
1
Let u(y) = y**3 - 5*y**2 - 7*y + 10. Let k be u(6). What is the units digit of ((-3)/(-6) - -1)/(2/k)?
3
Suppose -5*c + 946 = -1369. What is the hundreds digit of c?
4
Let t(s) be the third derivative of s**5/60 + 23*s**3/3 - 12*s**2. What is the units digit of t(0)?
6
Suppose -1064*s + 20916 = -1055*s. What is the units digit of s?
4
Suppose 5*s + 2 = -2*k, -2*k = -3*s - s - 16. Let y = k + -2. What is the tens digit of y/(-2)*(-224)/14?
1
Let w(b) = 2*b**2 + 15*b - 2. What is the hundreds digit of w(-12)?
1
Suppose 10*h - 14*h = -84. Suppose 5*j - 291 = -5*o - h, -j + 4*o = -69. What is the units digit of j?
7
Let w = -1544 - -3522. What is the tens digit of w?
7
Let r = -19 + 56. Let y = r + 32. What is the tens digit of y?
6
Let w(b) be the third derivative of b**4/6 - 5*b**3/6 - 3*b**2. Let n be w(7). Suppose -h + 3*o + n = 0, -27 = -h - 0*o + 5*o. What is the units digit of h?
7
Let k be (-1)/(2/(-15))*6/9. Suppose k*w - 460 = -5*c, 5*c - 224 - 206 = w. What is the units digit of c?
7
Let j(b) = b**3 - b**2 + 1. Let s be j(2). Let o(l) = l + 74. Let r be o(28). Suppose 0 = -s*n + 18 + r. What is the units digit of n?
4
Suppose -10 = -n - 2*j, -3*n - 19 = -4*n + j. What is the units digit of n?
6
Let x(s) = -s**3 + s**2 + 2*s + 1. Let o be x(-2). Let y be (-5 - 1)/((-2)/o). Suppose 4*b - 5 = y. What is the units digit of b?
8
Suppose 3*i = 3*u + 3798, 0 = -4*i + 5*u + 591 + 4476. What is the hundreds digit of i?
2
Let c be -4 + 0 - -2 - -8. Let z(b) = -b**2 + 4*b + 14. Let n be z(c). Let m(o) = 2*o**2 - 3. What is the units digit of m(n)?
5
Let j(v) = 11*v**2 - 34*v + 44. What is the tens digit of j(10)?
0
Let l(u) = 12*u**2 + 5*u - 23. What is the tens digit of l(6)?
3
Let f = 297 + 141. What is the units digit of f/12 + 3/(-2)?
5
Let l(z) = 54*z - 11. What is the hundreds digit of l(4)?
2
Let t = 33 + 4. Suppose 0 = 2*m + 5*p - 1, -5*m + 3 = 5*p - t. What is the units digit of m?
3
Let p be (-48)/408 - 21968/(-34). Let l = p - 457. What is the units digit of l?
9
Suppose 0 = 4*l + s - 17, 0 = l + 5*s - 28. What is the units digit of 86*l*3/18?
3
Let b = -323 + 2728. What is the tens digit of b?
0
Suppose -5*w + 17 = 2. Suppose -4*r + 7 + w = 3*l, -3*l - 3*r = -6. What is the units digit of 32 + (-2 - 0 - l)?
2
Suppose 0 = -3*r - k + 2*k + 103, -3*k + 153 = 5*r. What is the units digit of 1/3 - (-4807)/r?
6
Suppose -4*f + 3*g + 33 = 0, -3*f + 4*g - 44 = -5*f. What is the hundreds digit of 1341/f - -2*(-4)/(-32)?
1
Let w(p) = 159*p + 33. What is the tens digit of w(7)?
4
What is the units digit of 257 - -13 - (-2 + -1)?
3
Suppose -1620 = -6*x + 4*x - 2*l, 8 = 2*l. What is the tens digit of x?
0
Suppose 482 = -7*g + 174. What is the units digit of (-7155)/(-33) - 8/g?
7
Let l = 16 - 8. Suppose 22 - l = 2*u. What is the units digit of u?
7
Suppose -2*n = 3*c - 743, 0 = n + 3*c + 2*c - 361. What is the hundreds digit of n?
3
Let w = -669 + 2582. What is the hundreds digit of w?
9
Let x(v) = -v**3 + 42*v**2 - 7*v - 229. What is the hundreds digit of x(40)?
6
What is the thousands digit of (15576/(-295))/((-1)/25)?
1
Let u be ((-105)/(-30))/((-1)/4). Let t be ((-7)/u)/((-2)/(-188)). Suppose 0*m + m = t. What is the tens digit of m?
4
Suppose -2*f = 3*z - 19, 3*z - 2*f = -2 + 1. Suppose -2*u + 100 = 4*o, -2*o + 5*o = z*u + 93. What is the units digit of o?
7
Let d = -44 - -24. Let j = -16 - d. What is the tens digit of -2 - (j - 23/1)?
1
What is the tens digit of 5*4/(-20)*-463?
6
Suppose -4*w - 3*j + 4*j + 4755 = 0, 3*j + 4753 = 4*w. What is the hundreds digit of w?
1
What is the tens digit of 9027/27 + (-4)/(-6)?
3
Let m = -147 - -230. What is the units digit of m + (0 - 4) + -1?
8
Let j(b) = -3*b**3 - b**2 - 9*b + 7. Let w(g) = 4*g**3 + g**2 + 10*g - 8. Let v(x) = 7*j(x) + 6*w(x). Suppose 4 = 2*z - 0. What is the tens digit of v(z)?
1
Let j(v) = -v**2 - 8*v - 1. Let i be j(-7). Suppose -5*t - 3*y = 111, 126 - 50 = -4*t + 4*y. What is the units digit of t/(3 - i) + 1?
8
Let p = -2279 - -3499. What is the tens digit of p?
2
Let o be (1 - 7)*(-6)/18 + 0. Suppose 2*l - 51 = -x - l, o*x - 93 = 3*l. What is the tens digit of x?
4
Suppose 13*f = 14*f - 74. Suppose -s - s = 0. Suppose -g = -s*g - 3*r - f, 4*r = -12. What is the tens digit of g?
6
Suppose 0 = 2*w + 30 - 10. Let b be w*(-1)/(-5)*-2. Suppose -n + b = 1. What is the units digit of n?
3
Let w(a) = 5*a + 4. Let x be w(-9). What is the tens digit of (-14)/(-7) - x*1?
4
Suppose 0 = -i - g - 9, 4 = -i - 2*g - 4. What is the tens digit of ((-45)/i)/(-9)*-402?
0
Let s(v) = -v**2 - 8*v + 12. Let p be s(-10). Let z(m) = -m**2 - 6*m - 11. Let i be z(p). Let c = 42 + i. What is the units digit of c?
5
Suppose 12*z - 2*z - 3020 = 0. What is the hundreds digit of z*(-4)/(-8) + 5?
1
Let f = -39 + 41. Suppose -f*t + 67 = 3*w, 4*t + 50 = 4*w - 2*w. What is the tens digit of w?
2
Let r(b) = 3*b**3 - b**2 + 2. Let a be r(-5). Let k = 582 + a. What is the units digit of k?
4
Let i(f) be the second derivative of f**5/20 - 2*f**4/3 - 2*f**3 - 3*f**2 - f. What is the units digit of i(10)?
4
Let a be 7385/30 + 1/(-6). Let c = 396 - a. Suppose 5*t - 45 = c. What is the tens digit of t?
3
Suppose -k + 196 = 5*a, -a = 2*k - 249 - 107. Suppose -6*g + k = -2*g. What is the units digit of g?
4
Suppose -2*g - 186 = -0*u + 4*u, -2*u - 90 = 2*g. Let b = u - -283. Suppose 5*v + 3*n + 2*n - b = 0, 3*v + n = 149. What is the tens digit of v?
5
Let g(u) = 2*u**3 - 12*u**2 + 4*u + 13. What is the tens digit of g(6)?
3
Let i(c) = c**3 - 12*c**2 + c - 27. What is the hundreds digit of i(17)?
4
Suppose -7*j = -4*j + 6. Let k be (-4)/(j + 14)*3. What is the units digit of 2 + 14 + (-5 - k)?
2
Suppose -60 = 4*v + 16. Let g = -27 - v. Let b = 20 + g. What is the units digit of b?
2
Let s be 6/(-9)*(0 + (-9)/(-2)). Let p = 1 - 7. What is the tens digit of -50*s/p*-1?
2
Let i(a) = -24*a**3 - 6*a**2 - 4*a + 5. What is the hundreds digit of i(-2)?
1
Let c = -2534 + 4488. What is the units digit of c?
4
Let c = 121 - 171. What is the tens digit of (c/35)/(3/(-42))?
2
Let u = -283 + 393. What is the tens digit of u?
1
Let v = 1146 - -379. What is the tens digit of v?
2
Let f(a) = -a - 2. Let u = 21 + -17. Let v be f(u). What is the units digit of 2 + v/(18/(-15))?
7
Suppose 6*b + 3*c = 9*b - 6942, -4*b + 5*c = -9252. What is the thousands digit of b?
2
What is the tens digit of 3366/(-255)*410/(-3)?
0
Suppose 4*s + 3*i = 27, 0 = 5*i - i - 4. What is the units digit of s + -2 + 15 - 0?
9
What is the units digit of 124/3 - (-26)/39 - 0?
2
Let l be 2 - (13/52 + (-54)/(-8)). What is the hundreds digit of 181 - (-4 + 11 + l)?
1
Let d = -30 + 42. Let q be (123/d)/(4/16). Suppose h + q = 3*z, -z + 13 = -4*h + 3*h. What is the units digit of z?
4
Let i = 653 - -398. What is the tens digit of i?
5
Suppose -8151 = -5*u - 4*h + 1882, -2*h + 4012 = 2*u. What is the hundreds digit of u?
0
Suppose -3*u + 7466 = -2*x, 3*u - 5*x - 4981 = u. What is the tens digit of u?
8
Suppose 61*t + 38325 = 86*t. What is the hundreds digit of t?
5
Let j(b) = 102*b**3 - 10*b**2 + 22*b - 15. What is the tens digit of j(3)?
1
Suppose -2301 = -3*t - 0*t. Let z = t - 496. Suppose 5*n = -16 + z. What is the tens digit of n?
5
Suppose 0 = -47*m + 14*m + 87714. What is the units digit of m?
8
Suppose 3*n - 3 = 3*d, 0*d + 2*n - 23 = -5*d. Suppose 4*q - 72 = d*q. What is the tens digit of q?
7
What is the tens digit of (5 - -1)*9785/114?
1
Suppose 2 + 14 = z. Let f = -2 + -11. Let k = z + f. What is the units digit